{"id":10120,"date":"2019-11-24T08:38:22","date_gmt":"2019-11-24T08:38:22","guid":{"rendered":"https:\/\/woc.herrkiekebusch.de\/?page_id=10120"},"modified":"2025-01-17T17:08:28","modified_gmt":"2025-01-17T16:08:28","slug":"bogenschiessen","status":"publish","type":"page","link":"https:\/\/woc-event.de\/index.php\/bogenschiessen\/","title":{"rendered":"Bogenschie\u00dfen"},"content":{"rendered":"<p>[vc_row][vc_column]\t\t\t<script type=\"text\/javascript\" src=\"\/\/woc-event.de\/wp-content\/plugins\/revslider\/public\/assets\/js\/rbtools.min.js?rev=6.3.9\"><\/script>\n\t\t\t<script type=\"text\/javascript\" src=\"\/\/woc-event.de\/wp-content\/plugins\/revslider\/public\/assets\/js\/rs6.min.js?rev=6.3.9\"><\/script>\n\n\t\t\t<!-- START Bogen new REVOLUTION SLIDER 6.3.9 --><p class=\"rs-p-wp-fix\"><\/p>\n\t\t\t<rs-module-wrap id=\"rev_slider_8_1_wrapper\" data-source=\"gallery\" style=\"background:transparent;padding:0;margin:0px auto;margin-top:0;margin-bottom:0;\">\n\t\t\t\t<rs-module id=\"rev_slider_8_1\" style=\"\" data-version=\"6.3.9\">\n\t\t\t\t\t<rs-slides>\n\t\t\t\t\t\t<rs-slide data-key=\"rs-26\" data-title=\"Slide\" data-anim=\"ei:d;eo:d;s:1000;r:0;t:fade;sl:0;\">\n\t\t\t\t\t\t\t<img loading=\"lazy\" decoding=\"async\" src=\"\/\/woc-event.de\/wp-content\/plugins\/revslider\/public\/assets\/assets\/transparent.png\" alt=\"Slide\" title=\"forest-light1080\" width=\"1920\" height=\"1279\" data-parallax=\"off\" class=\"rev-slidebg\" data-no-retina>\n<!--\n\t\t\t\t\t\t\t--><rs-layer\n\t\t\t\t\t\t\t\tid=\"slider-8-slide-26-layer-41\" \n\t\t\t\t\t\t\t\tdata-type=\"image\"\n\t\t\t\t\t\t\t\tdata-rsp_ch=\"on\"\n\t\t\t\t\t\t\t\tdata-xy=\"xo:-346px,-346px,-346px,-135px;yo:96px,96px,96px,130px;\"\n\t\t\t\t\t\t\t\tdata-text=\"w:normal;s:20,20,20,7;l:0,0,0,9;\"\n\t\t\t\t\t\t\t\tdata-dim=\"w:571px,571px,571px,220px;h:881px,881px,881px,339px;\"\n\t\t\t\t\t\t\t\tdata-frame_1=\"sp:620;\"\n\t\t\t\t\t\t\t\tdata-frame_999=\"o:0;st:900;sp:1080;sR:280;\"\n\t\t\t\t\t\t\t\tstyle=\"z-index:15;\"\n\t\t\t\t\t\t\t><img loading=\"lazy\" decoding=\"async\" src=\"\/\/woc-event.de\/wp-content\/uploads\/2020\/01\/Waldl\u00e4ufer454-700.png\" width=\"454\" height=\"700\" data-no-retina> \n\t\t\t\t\t\t\t<\/rs-layer><!--\n\n\t\t\t\t\t\t\t--><rs-layer\n\t\t\t\t\t\t\t\tid=\"slider-8-slide-26-layer-43\" \n\t\t\t\t\t\t\t\tdata-type=\"image\"\n\t\t\t\t\t\t\t\tdata-rsp_ch=\"on\"\n\t\t\t\t\t\t\t\tdata-xy=\"xo:-348px,-348px,-348px,-174px;yo:1px,1px,1px,0;\"\n\t\t\t\t\t\t\t\tdata-text=\"w:normal;s:20,20,20,7;l:0,0,0,9;\"\n\t\t\t\t\t\t\t\tdata-dim=\"w:951px,951px,951px,449px;h:865px,865px,865px,408px;\"\n\t\t\t\t\t\t\t\tdata-frame_1=\"st:5150;sp:1390;sR:5150;\"\n\t\t\t\t\t\t\t\tdata-frame_999=\"o:0;st:w;sR:2460;\"\n\t\t\t\t\t\t\t\tstyle=\"z-index:13;\"\n\t\t\t\t\t\t\t><img loading=\"lazy\" decoding=\"async\" src=\"\/\/woc-event.de\/wp-content\/uploads\/2020\/01\/waldl\u00e4ufer-schie\u00dft-bear720y.png\" width=\"792\" height=\"720\" data-no-retina> \n\t\t\t\t\t\t\t<\/rs-layer><!--\n\n\t\t\t\t\t\t\t--><rs-layer\n\t\t\t\t\t\t\t\tid=\"slider-8-slide-26-layer-48\" \n\t\t\t\t\t\t\t\tclass=\"rs-pxl-2\"\n\t\t\t\t\t\t\t\tdata-type=\"image\"\n\t\t\t\t\t\t\t\tdata-rsp_ch=\"on\"\n\t\t\t\t\t\t\t\tdata-xy=\"xo:-348px,-348px,-348px,-135px;yo:-294px,-294px,-294px,-26px;\"\n\t\t\t\t\t\t\t\tdata-text=\"w:normal;s:20,20,20,7;l:0,0,0,9;\"\n\t\t\t\t\t\t\t\tdata-dim=\"w:1920px,1920px,1920px,742px;h:1279px,1279px,1279px,494px;\"\n\t\t\t\t\t\t\t\tdata-frame_999=\"o:0;st:w;sR:8700;\"\n\t\t\t\t\t\t\t\tstyle=\"z-index:6;\"\n\t\t\t\t\t\t\t><img loading=\"lazy\" decoding=\"async\" src=\"\/\/woc-event.de\/wp-content\/uploads\/2020\/01\/forest-light-rechts2.png\" width=\"1920\" height=\"1279\" data-no-retina> \n\t\t\t\t\t\t\t<\/rs-layer><!--\n\n\t\t\t\t\t\t\t--><rs-layer\n\t\t\t\t\t\t\t\tid=\"slider-8-slide-26-layer-49\" \n\t\t\t\t\t\t\t\tdata-type=\"image\"\n\t\t\t\t\t\t\t\tdata-rsp_ch=\"on\"\n\t\t\t\t\t\t\t\tdata-xy=\"xo:561px,561px,561px,219px;yo:450px,450px,450px,263px;\"\n\t\t\t\t\t\t\t\tdata-text=\"w:normal;s:20,20,20,7;l:0,0,0,9;\"\n\t\t\t\t\t\t\t\tdata-dim=\"w:296px,296px,296px,114px;h:410px,410px,410px,158px;\"\n\t\t\t\t\t\t\t\tdata-frame_0=\"x:right;\"\n\t\t\t\t\t\t\t\tdata-frame_0_mask=\"u:t;\"\n\t\t\t\t\t\t\t\tdata-frame_1=\"st:4350;sp:1710;sR:4350;\"\n\t\t\t\t\t\t\t\tdata-frame_999=\"o:0;st:w;sR:2940;\"\n\t\t\t\t\t\t\t\tstyle=\"z-index:10;\"\n\t\t\t\t\t\t\t><img loading=\"lazy\" decoding=\"async\" src=\"\/\/woc-event.de\/wp-content\/uploads\/2020\/01\/hirsch-warm.png\" width=\"480\" height=\"665\" data-no-retina> \n\t\t\t\t\t\t\t<\/rs-layer><!--\n\n\t\t\t\t\t\t\t--><rs-layer\n\t\t\t\t\t\t\t\tid=\"slider-8-slide-26-layer-52\" \n\t\t\t\t\t\t\t\tdata-type=\"image\"\n\t\t\t\t\t\t\t\tdata-rsp_ch=\"on\"\n\t\t\t\t\t\t\t\tdata-xy=\"xo:-345px,-345px,-345px,-136px;yo:-299px,-299px,-299px,-25px;\"\n\t\t\t\t\t\t\t\tdata-text=\"w:normal;s:20,20,20,7;l:0,0,0,9;\"\n\t\t\t\t\t\t\t\tdata-dim=\"w:1920px,1920px,1920px,742px;h:1279px,1279px,1279px,494px;\"\n\t\t\t\t\t\t\t\tdata-frame_999=\"o:0;st:w;sR:8700;\"\n\t\t\t\t\t\t\t\tstyle=\"z-index:9;\"\n\t\t\t\t\t\t\t><img loading=\"lazy\" decoding=\"async\" src=\"\/\/woc-event.de\/wp-content\/uploads\/2020\/01\/forest-light1080.jpg\" width=\"1920\" height=\"1279\" data-no-retina> \n\t\t\t\t\t\t\t<\/rs-layer><!--\n\n\t\t\t\t\t\t\t--><rs-layer\n\t\t\t\t\t\t\t\tid=\"slider-8-slide-26-layer-53\" \n\t\t\t\t\t\t\t\tdata-type=\"image\"\n\t\t\t\t\t\t\t\tdata-rsp_ch=\"on\"\n\t\t\t\t\t\t\t\tdata-xy=\"xo:69px,69px,69px,16px;yo:456px,456px,456px,274px;\"\n\t\t\t\t\t\t\t\tdata-text=\"w:normal;s:20,20,20,7;l:0,0,0,9;\"\n\t\t\t\t\t\t\t\tdata-dim=\"w:551px,551px,551px,212px;h:507px,507px,507px,195px;\"\n\t\t\t\t\t\t\t\tdata-frame_0=\"x:left;\"\n\t\t\t\t\t\t\t\tdata-frame_1=\"st:1440;sp:1790;sR:1440;\"\n\t\t\t\t\t\t\t\tdata-frame_999=\"o:0;e:power2.in;st:3590;sp:1000;sR:360;\"\n\t\t\t\t\t\t\t\tstyle=\"z-index:11;\"\n\t\t\t\t\t\t\t><img loading=\"lazy\" decoding=\"async\" src=\"\/\/woc-event.de\/wp-content\/uploads\/2020\/01\/Bear-warm.png\" width=\"616\" height=\"567\" data-no-retina> \n\t\t\t\t\t\t\t<\/rs-layer><!--\n\n\t\t\t\t\t\t\t--><rs-layer\n\t\t\t\t\t\t\t\tid=\"slider-8-slide-26-layer-54\" \n\t\t\t\t\t\t\t\tdata-type=\"image\"\n\t\t\t\t\t\t\t\tdata-rsp_ch=\"on\"\n\t\t\t\t\t\t\t\tdata-xy=\"xo:-347px,-347px,-347px,-135px;yo:-338px,-338px,-338px,-26px;\"\n\t\t\t\t\t\t\t\tdata-text=\"w:normal;s:20,20,20,7;l:0,0,0,9;\"\n\t\t\t\t\t\t\t\tdata-dim=\"w:1980px,1980px,1980px,742px;h:1319px,1319px,1319px,494px;\"\n\t\t\t\t\t\t\t\tdata-frame_999=\"o:0;st:w;sR:8700;\"\n\t\t\t\t\t\t\t\tstyle=\"z-index:12;\"\n\t\t\t\t\t\t\t><img loading=\"lazy\" decoding=\"async\" src=\"\/\/woc-event.de\/wp-content\/uploads\/2020\/01\/forest-light-links.png\" width=\"1920\" height=\"1279\" data-no-retina> \n\t\t\t\t\t\t\t<\/rs-layer><!--\n\n\t\t\t\t\t\t\t--><rs-layer\n\t\t\t\t\t\t\t\tid=\"slider-8-slide-26-layer-56\" \n\t\t\t\t\t\t\t\tdata-type=\"text\"\n\t\t\t\t\t\t\t\tdata-tsh=\"c:rgba(0,0,0,0.75);h:7px,7px,7px,1px;v:7px,7px,7px,1px;b:10px,10px,10px,3px;\"\n\t\t\t\t\t\t\t\tdata-rsp_ch=\"on\"\n\t\t\t\t\t\t\t\tdata-xy=\"xo:550px,550px,550px,178px;yo:179px,179px,179px,215px;\"\n\t\t\t\t\t\t\t\tdata-text=\"w:normal;s:74,74,74,28;l:92,92,92,34;\"\n\t\t\t\t\t\t\t\tdata-dim=\"w:702px,702px,702px,270px;\"\n\t\t\t\t\t\t\t\tdata-frame_0=\"y:100%;\"\n\t\t\t\t\t\t\t\tdata-frame_1=\"e:power4.inOut;st:6920;sp:1200;sR:6920;\"\n\t\t\t\t\t\t\t\tdata-frame_999=\"o:0;st:w;sR:880;\"\n\t\t\t\t\t\t\t\tstyle=\"z-index:14;font-family:Roboto;\"\n\t\t\t\t\t\t\t>Im Wald auf der Jagd \n\t\t\t\t\t\t\t<\/rs-layer><!--\n\n\t\t\t\t\t\t\t--><a\n\t\t\t\t\t\t\t\tid=\"slider-8-slide-26-layer-59\" \n\t\t\t\t\t\t\t\tclass=\"rs-layer rev-btn\"\n\t\t\t\t\t\t\t\thref=\"https:\/\/woc-event.de\/index.php\/bogenschiessen\/\" target=\"_self\" rel=\"nofollow\"\n\t\t\t\t\t\t\t\tdata-type=\"button\"\n\t\t\t\t\t\t\t\tdata-rsp_ch=\"on\"\n\t\t\t\t\t\t\t\tdata-xy=\"xo:1004px,1004px,1004px,320px;yo:385px,385px,385px,320px;\"\n\t\t\t\t\t\t\t\tdata-text=\"w:normal;s:17,17,17,12;l:40,40,40,36;fw:500,500,500,700;\"\n\t\t\t\t\t\t\t\tdata-dim=\"minh:0px,0px,0px,none;\"\n\t\t\t\t\t\t\t\tdata-padding=\"r:25,25,25,11;l:25,25,25,11;\"\n\t\t\t\t\t\t\t\tdata-border=\"bos:solid,solid,solid,none;boc:rgba(255,255,255,0.35);bow:1px,1px,1px,1px;\"\n\t\t\t\t\t\t\t\tdata-frame_0=\"x:0,0,0,0px;y:0,0,0,0px;\"\n\t\t\t\t\t\t\t\tdata-frame_1=\"x:0,0,0,0px;y:0,0,0,0px;st:7830;sR:7830;\"\n\t\t\t\t\t\t\t\tdata-frame_999=\"o:0;st:w;sR:870;\"\n\t\t\t\t\t\t\t\tdata-frame_hover=\"bgc:rgba(0,0,0,0);boc:rgba(255,255,255,0.75);bor:0px,0px,0px,0px;bos:solid;bow:1px,1px,1px,1px;e:power1.inOut;\"\n\t\t\t\t\t\t\t\tstyle=\"z-index:17;background-color:#000000;font-family:Poppins;\"\n\t\t\t\t\t\t\t>Ab in den Wald! \n\t\t\t\t\t\t\t<\/a><!--\n-->\t\t\t\t\t\t<\/rs-slide>\n\t\t\t\t\t<\/rs-slides>\n\t\t\t\t\t<rs-static-layers><!--\n\t\t\t\t\t--><\/rs-static-layers>\n\t\t\t\t<\/rs-module>\n\t\t\t\t<script type=\"text\/javascript\">\n\t\t\t\t\tsetREVStartSize({c: 'rev_slider_8_1',rl:[1240,1240,1240,480],el:[868,868,868,380],gw:[1240,1240,1240,480],gh:[868,868,868,380],type:'standard',justify:'',layout:'fullwidth',mh:\"0\"});\n\t\t\t\t\tvar\trevapi8,\n\t\t\t\t\t\ttpj;\n\t\t\t\t\tfunction revinit_revslider81() {\n\t\t\t\t\tjQuery(function() {\n\t\t\t\t\t\ttpj = jQuery;\n\t\t\t\t\t\trevapi8 = tpj(\"#rev_slider_8_1\");\n\t\t\t\t\t\ttpj.noConflict();\n\t\t\t\t\t\tif(revapi8==undefined || revapi8.revolution == undefined){\n\t\t\t\t\t\t\trevslider_showDoubleJqueryError(\"rev_slider_8_1\");\n\t\t\t\t\t\t}else{\n\t\t\t\t\t\t\trevapi8.revolution({\n\t\t\t\t\t\t\t\tsliderLayout:\"fullwidth\",\n\t\t\t\t\t\t\t\tvisibilityLevels:\"1240,1240,1240,480\",\n\t\t\t\t\t\t\t\tgridwidth:\"1240,1240,1240,480\",\n\t\t\t\t\t\t\t\tgridheight:\"868,868,868,380\",\n\t\t\t\t\t\t\t\tspinner:\"spinner3\",\n\t\t\t\t\t\t\t\tperspectiveType:\"local\",\n\t\t\t\t\t\t\t\teditorheight:\"868,768,620,380\",\n\t\t\t\t\t\t\t\tresponsiveLevels:\"1240,1240,1240,480\",\n\t\t\t\t\t\t\t\tprogressBar:{disableProgressBar:true},\n\t\t\t\t\t\t\t\tnavigation: {\n\t\t\t\t\t\t\t\t\tonHoverStop:false\n\t\t\t\t\t\t\t\t},\n\t\t\t\t\t\t\t\tparallax: {\n\t\t\t\t\t\t\t\t\tlevels:[5,10,15,20,25,30,35,40,45,46,47,48,49,50,51,55],\n\t\t\t\t\t\t\t\t\ttype:\"scroll\",\n\t\t\t\t\t\t\t\t\torigo:\"slidercenter\"\n\t\t\t\t\t\t\t\t},\n\t\t\t\t\t\t\t\tfallbacks: {\n\t\t\t\t\t\t\t\t\tallowHTML5AutoPlayOnAndroid:true\n\t\t\t\t\t\t\t\t},\n\t\t\t\t\t\t\t});\n\t\t\t\t\t\t\tvar ua = window.navigator.userAgent;\nvar msie = ua.indexOf(\"MSIE \");\n\nif(msie > 0 || !!navigator.userAgent.match(\/Trident.*rv\\:11\\.\/) || ('CSS' in window && 'supports' in window.CSS && !window.CSS.supports('mix-blend-mode', 'screen'))) {\n \n var bgColor = 'rgba(245, 245, 245, 0.5)';\n \/\/jQuery('.rev_slider .rs-layer[data-blendmode]').removeAttr('data-blendmode').css('background', bgColor);\n jQuery('.rev_slider .rs-layer[data-blendmode]').remove();\n}\n\t\t\t\t\t\t}\n\t\t\t\t\t\t\n\t\t\t\t\t});\n\t\t\t\t\t} \/\/ End of RevInitScript\n\t\t\t\tvar once_revslider81 = false;\n\t\t\t\tif (document.readyState === \"loading\") {document.addEventListener('readystatechange',function() { if((document.readyState === \"interactive\" || document.readyState === \"complete\") && !once_revslider81 ) { once_revslider81 = true; revinit_revslider81();}});} else {once_revslider81 = true; revinit_revslider81();}\n\t\t\t\t<\/script>\n\t\t\t\t<script>\n\t\t\t\t\tvar htmlDivCss = '\t#rev_slider_8_1_wrapper rs-loader.spinner3 div { background-color: #FFFFFF !important; } ';\n\t\t\t\t\tvar htmlDiv = document.getElementById('rs-plugin-settings-inline-css');\n\t\t\t\t\tif(htmlDiv) {\n\t\t\t\t\t\thtmlDiv.innerHTML = htmlDiv.innerHTML + htmlDivCss;\n\t\t\t\t\t}else{\n\t\t\t\t\t\tvar htmlDiv = document.createElement('div');\n\t\t\t\t\t\thtmlDiv.innerHTML = '<style>' + htmlDivCss + '<\/style>';\n\t\t\t\t\t\tdocument.getElementsByTagName('head')[0].appendChild(htmlDiv.childNodes[0]);\n\t\t\t\t\t}\n\t\t\t\t<\/script>\n\t\t\t<\/rs-module-wrap>\n\t\t\t<!-- END REVOLUTION SLIDER -->\n[vc_custom_heading text=&#8220;Was ist ein 3D Parcours?&#8220; google_fonts=&#8220;font_family:Muli%3A300%2C300italic%2Cregular%2Citalic|font_style:400%20regular%3A400%3Anormal&#8220; css=&#8220;.vc_custom_1579433949874{padding-top: 30px !important;}&#8220;][\/vc_column][\/vc_row][vc_row][vc_column][vc_column_text]Als eine der ersten Distanzwaffen der J\u00e4ger und Sammler sorgte der Bogen in der Vor- und Fr\u00fchgeschichte f\u00fcr das \u00dcberleben. Da dem Bogen als Jagdwaffe heute nur noch eine geringe Bedeutung zukommt und er \u00fcberwiegend als Sportger\u00e4t bis hin zu olympischen Disziplinen genutzt wird, bietet ein 3D-Parcour die M\u00f6glichkeit, den Bogen in seiner urspr\u00fcnglichen Art und Weise bei der \u201eJagd\u201c auf dreidimensio-nale Tierattrappen wiederzuentdecken. Dabei k\u00f6nnt Ihr Eure jagdlichen F\u00e4higkeiten auf die Probe stellen. Hier sp\u00fcrt man die Wirkung des traditionellen Bogenschie-\u00dfens auf K\u00f6rper, Seele und Geist bei einem anspruchsvollen und herausfordernden Erlebnis in und mit der Natur.Wer kann mitmachen?Alle Altersgruppen, von 6 bis 99, solange Sie in der Lage sind, sich auf anspruchsvollem Gel\u00e4nde im Wald zu Fu\u00df zu bewegen.<\/p>\n<p>&nbsp;<\/p>\n<p>[\/vc_column_text]<div id=\"modal-trg-txt-wrap-7171\" class=\"ult-modal-input-wrapper ult-adjust-bottom-margin    \" data-keypress-control=\"keypress-control-enable\" data-overlay-control=\"overlay-control-enable\" data-modal-type=\"button\"><button  data-ultimate-target='#modal-trg-txt-wrap-7171 .btn-modal'  data-responsive-json-new='{\"font-size\":\"\",\"line-height\":\"\"}'  style=\"background:#48ac31;border-color:#48ac31;color:#FFFFFF; \" data-class-id=\"content-69f5e8724c5722-83489437\" class=\"btn-modal ult-responsive btn-primary btn-modal-sm overlay-show ult-align-left btn-id-69f5e8724c5722-83489437\" data-overlay-class=\"overlay-cornerbottomleft\">3D-Bogenparcours<\/button><\/div>\n<div class=\"ult-overlay content-69f5e8724c5722-83489437 \" data-class=\"content-69f5e8724c5722-83489437\" id=\"button-click-overlay\" style=\"background:__USE_THEME_MAIN_COLOR__; display:none;\">\n\t<div class=\"ult_modal ult-fade ult-medium\">\n\t\t<div id=\"ult-modal-wrap-5697\" class=\"ult_modal-content ult-hide\" style=\"border-style:solid;border-width:2px;border-radius:0px;border-color:#333333;\">\n\t\t\t<div class=\"ult_modal-header\" style=\"color:#333333;border-color:#333333;\">\n\t\t\t\t<h3  data-ultimate-target='#ult-modal-wrap-5697 .ult_modal-title'  data-responsive-json-new='{\"font-size\":\"\",\"line-height\":\"\"}'  class=\"ult_modal-title ult-responsive\">3D-Bogenparcour<\/h3>\n\t\t\t<\/div>\n\t\t\t<div  data-ultimate-target='#ult-modal-wrap-5697 .ult_modal-body'  data-responsive-json-new='{\"font-size\":\"\",\"line-height\":\"\"}'  class=\"ult_modal-body ult-responsive ult-youtube\" style=\"\">\n\t\t\t<iframe loading=\"lazy\" src=\"https:\/\/www.youtube.com\/embed\/fU3ZkqsQKLM\" width=\"1280\" height=\"720\" frameborder=\"0\" allowfullscreen=\"allowfullscreen\"><\/iframe>\n\t\t\t<\/div>\n\t<\/div>\n\t<\/div>\n\t<div class=\"ult-overlay-close top-right\" style=\"width:80px;height:80px; \"><div class=\"ult-overlay-close-inside\">Close<\/div><\/div>\n<\/div>[vc_column_text]sind vor allem geeignet f\u00fcr:<\/p>\n<ul>\n<li>Geburtstage<\/li>\n<li>Firmen- und Familienfeiern<\/li>\n<li>Junggesellenabschiede\uf084Vater-Sohn- und Mutter-Tochter-Tage<\/li>\n<li>Klassenfahrtsausflug<\/li>\n<li>Berufsschulausfl\u00fcge<\/li>\n<li>Urlaubserlebnis f\u00fcr die ganze Familie<\/li>\n<\/ul>\n<p>&nbsp;<\/p>\n<p>[\/vc_column_text][vc_btn title=&#8220;Hier Buchen&#8220; color=&#8220;green&#8220; align=&#8220;center&#8220; link=&#8220;url:https%3A%2F%2Fwoc-event.de%2Fwp-content%2Fuploads%2F2025%2F01%2Fflyer_drachenpfad_NEU.pdf|title:Zum%20Drachenpfad&#8220;][vc_video link=&#8220;https:\/\/youtu.be\/HykS9eIpoUg&#8220;][\/vc_column][\/vc_row][vc_row][vc_column][\/vc_column][\/vc_row]<\/p>\n","protected":false},"excerpt":{"rendered":"<p>[vc_row][vc_column][vc_custom_heading text=&#8220;Was ist ein 3D Parcours?&#8220; google_fonts=&#8220;font_family:Muli%3A300%2C300italic%2Cregular%2Citalic|font_style:400%20regular%3A400%3Anormal&#8220; css=&#8220;.vc_custom_1579433949874{padding-top: 30px !important;}&#8220;][\/vc_column][\/vc_row][vc_row][vc_column][vc_column_text]Als eine der ersten Distanzwaffen der J\u00e4ger und Sammler sorgte der Bogen in der Vor- und Fr\u00fchgeschichte f\u00fcr das \u00dcberleben. Da dem Bogen als Jagdwaffe heute nur noch eine geringe Bedeutung zukommt und er \u00fcberwiegend als Sportger\u00e4t bis hin zu olympischen Disziplinen genutzt wird, bietet ein [&hellip;]<\/p>\n","protected":false},"author":1,"featured_media":0,"parent":0,"menu_order":0,"comment_status":"closed","ping_status":"closed","template":"page.php","meta":{"_glsr_average":0,"_glsr_ranking":0,"_glsr_reviews":0,"footnotes":""},"class_list":["post-10120","page","type-page","status-publish","hentry"],"_links":{"self":[{"href":"https:\/\/woc-event.de\/index.php\/wp-json\/wp\/v2\/pages\/10120","targetHints":{"allow":["GET"]}}],"collection":[{"href":"https:\/\/woc-event.de\/index.php\/wp-json\/wp\/v2\/pages"}],"about":[{"href":"https:\/\/woc-event.de\/index.php\/wp-json\/wp\/v2\/types\/page"}],"author":[{"embeddable":true,"href":"https:\/\/woc-event.de\/index.php\/wp-json\/wp\/v2\/users\/1"}],"replies":[{"embeddable":true,"href":"https:\/\/woc-event.de\/index.php\/wp-json\/wp\/v2\/comments?post=10120"}],"version-history":[{"count":23,"href":"https:\/\/woc-event.de\/index.php\/wp-json\/wp\/v2\/pages\/10120\/revisions"}],"predecessor-version":[{"id":12217,"href":"https:\/\/woc-event.de\/index.php\/wp-json\/wp\/v2\/pages\/10120\/revisions\/12217"}],"wp:attachment":[{"href":"https:\/\/woc-event.de\/index.php\/wp-json\/wp\/v2\/media?parent=10120"}],"curies":[{"name":"wp","href":"https:\/\/api.w.org\/{rel}","templated":true}]}}